44.
92
Calculate the greatest common divisor of 19 and 190.
19
What is the highest common divisor of 4238 and 572?
26
What is the highest common divisor of 5071 and 88?
11
Calculate the greatest common factor of 55 and 530.
5
Calculate the greatest common factor of 3136 and 96.
32
What is the highest common divisor of 576 and 828?
36
What is the greatest common factor of 468 and 104?
52
Calculate the greatest common factor of 16 and 1592.
8
What is the highest common divisor of 205 and 328?
41
What is the greatest common divisor of 245 and 10?
5
Calculate the greatest common factor of 1001 and 539.
77
What is the highest common factor of 132 and 2068?
44
Calculate the greatest common divisor of 1162 and 14.
14
What is the highest common factor of 2480 and 80?
80
Calculate the greatest common divisor of 20 and 1370.
10
Calculate the highest common factor of 60 and 45.
15
What is the greatest common factor of 87 and 1131?
87
What is the greatest common factor of 3 and 175?
1
What is the greatest common factor of 24 and 2136?
24
What is the highest common factor of 12 and 516?
12
Calculate the greatest common factor of 4455 and 693.
99
Calculate the greatest common divisor of 288 and 27.
9
What is the highest common factor of 213 and 355?
71
What is the greatest common factor of 63 and 56?
7
What is the highest common divisor of 468 and 252?
36
Calculate the greatest common factor of 14 and 6496.
14
Calculate the highest common factor of 56 and 1876.
28
What is the greatest common factor of 8 and 200?
8
Calculate the greatest common factor of 3515 and 665.
95
What is the greatest common factor of 9 and 1737?
9
What is the highest common factor of 13590 and 20?
10
What is the highest common divisor of 4 and 124?
4
What is the highest common divisor of 104 and 2249?
13
Calculate the greatest common factor of 284 and 12.
4
What is the greatest common factor of 658 and 94?
94
What is the highest common factor of 50 and 30?
10
What is the highest common factor of 28 and 1701?
7
Calculate the highest common factor of 783 and 957.
87
Calculate the greatest common factor of 22 and 5302.
22
What is the greatest common factor of 208 and 156?
52
What is the greatest common factor of 15912 and 156?
156
Calculate the highest common divisor of 10 and 12535.
5
Calculate the highest common divisor of 655 and 2096.
131
What is the greatest common divisor of 88 and 693?
11
Calculate the highest common factor of 1539 and 19.
19
What is the highest common divisor of 69 and 414?
69
Calculate the greatest common divisor of 75 and 5325.
75
What is the highest common divisor of 27 and 6939?
27
What is the greatest common factor of 88 and 187?
11
Calculate the greatest common divisor of 208 and 32.
16
What is the highest common divisor of 312 and 65?
13
Calculate the highest common divisor of 15168 and 384.
192
Calculate the highest common divisor of 92 and 4554.
46
Calculate the highest common factor of 256 and 1728.
64
Calculate the greatest common factor of 17 and 544.
17
Calculate the highest common divisor of 70 and 175.
35
What is the greatest common divisor of 135 and 90?
45
Calculate the greatest common divisor of 7 and 13.
1
Calculate the highest common factor of 34 and 2329.
17
Calculate the greatest common factor of 6715 and 340.
85
What is the greatest common factor of 21307 and 143?
143
What is the highest common divisor of 300 and 36?
12
Calculate the highest common divisor of 72 and 558.
18
What is the greatest common factor of 194 and 2813?
97
What is the highest common factor of 696 and 3944?
232
Calculate the greatest common factor of 281 and 9.
1
What is the greatest common factor of 3926 and 26?
26
What is the highest common divisor of 108 and 4740?
12
Calculate the highest common divisor of 8289 and 18.
9
Calculate the highest common divisor of 98 and 637.
49
Calculate the greatest common divisor of 23 and 46.
23
Calculate the greatest common divisor of 5 and 2845.
5
Calculate the highest common divisor of 520 and 320.
40
Calculate the greatest common divisor of 320 and 880.
80
What is the greatest common divisor of 128844 and 12?
12
What is the greatest common factor of 3870 and 7224?
258
What is the highest common divisor of 4046 and 2142?
238
Calculate the greatest common factor of 4833 and 54.
27
Calculate the highest common divisor of 156 and 14898.
78
What is the highest common factor of 25 and 1825?
25
What is the highest common divisor of 15 and 1205?
5
Calculate the greatest common divisor of 20 and 10.
10
Calculate the greatest common factor of 2 and 27.
1
Calculate the greatest common divisor of 735 and 77.
7
Calculate the greatest common divisor of 7987 and 147.
49
What is the greatest common factor of 23 and 11?
1
What is the highest common divisor of 976 and 48?
16
What is the greatest common divisor of 2266 and 66?
22
What is the greatest common divisor of 1605 and 30?
15
Calculate the highest common divisor of 46192 and 16.
16
What is the highest common divisor of 3222 and 18?
18
What is the greatest common divisor of 1976 and 312?
104
What is the greatest common divisor of 10220 and 210?
70
Calculate the highest common factor of 136 and 17.
17
Calculate the greatest common divisor of 54 and 98.
2
Calculate the greatest common factor of 51 and 34.
17
Calculate the greatest common divisor of 4183 and 89.
89
What is the greatest common factor of 14 and 2086?
14
What is the greatest common factor of 16 and 14?
2
Calculate the highest common divisor of 15 and 15.
15
Calculate the greatest common factor of 261 and 1179.
9
What is the highest common factor of 108 and 36?
36
Calculate the greatest common divisor of 45 and 117.
9
Calculate the highest common divisor of 2639 and 7714.
203
What is the greatest common divisor of 660 and 2244?
132
What is the highest common divisor of 54 and 864?
54
Calculate the highest common divisor of 10 and 35.
5
What is the greatest common divisor of 252 and 84?
84
What is the highest common factor of 68 and 3298?
34
Calculate the highest common factor of 324 and 96.
12
Calculate the highest common factor of 3977 and 164.
41
What is the highest common factor of 728 and 1040?
104
What is the highest common factor of 413 and 59?
59
Calculate the greatest common divisor of 1760 and 2288.
176
What is the highest common factor of 9438 and 22?
22
Calculate the greatest common factor of 53 and 848.
53
Calculate the greatest common factor of 8977 and 47.
47
What is the greatest common divisor of 1079 and 26?
13
Calculate the greatest common divisor of 3 and 48.
3
What is the greatest common factor of 98 and 833?
49
What is the greatest common factor of 261 and 171?
9
What is the highest common factor of 120 and 36?
12
Calculate the greatest common factor of 90 and 13170.
30
Calculate the greatest common divisor of 1800 and 30.
30
What is the greatest common divisor of 1372 and 8?
4
What is the highest common factor of 465 and 186?
93
Calculate the highest common divisor of 1695 and 120.
15
Calculate the greatest common divisor of 3444 and 108.
12
What is the greatest common divisor of 392 and 91?
7
Calculate the greatest common factor of 48 and 6.
6
Calculate the greatest common factor of 252 and 36.
36
Calculate the highest common factor of 603 and 6231.
201
Calculate the highest common divisor of 507 and 1859.
169
What is the highest common factor of 5614 and 14?
14
Calculate the highest common divisor of 38 and 2869.
19
Calculate the highest common divisor of 34 and 3961.
17
What is the highest common divisor of 888 and 1824?
24
What is the greatest common factor of 50 and 800?
50
What is the greatest common factor of 29 and 5?
1
What is the greatest common factor of 49 and 25088?
49
Calculate the highest common divisor of 8248 and 24.
8
Calculate the highest common factor of 1161 and 756.
27
Calculate the greatest common divisor of 23 and 7199.
23
What is the highest common factor of 189 and 6399?
27
What is the greatest common divisor of 58 and 58?
58
What is the greatest common factor of 323 and 51?
17
What is the highest common factor of 1222 and 5546?
94
Calculate the greatest common factor of 66 and 77.
11
Calculate the greatest common factor of 1479 and 696.
87
What is the highest common factor of 85